v and w.
21
Let n = -251 - -256. Let o(z) = 2*z**2 - 4*z + 4. Let k be o(3). What is the highest common factor of k and n?
5
Let n = -13 + 35. Let h = n - 16. What is the greatest common factor of 42 and h?
6
Suppose 14*t = 15*t - 44. Let o = 88 - t. Let h be 11*(-1 + 0)*-1. Calculate the greatest common factor of o and h.
11
Let k be 3/(-7) + 30/70. Suppose k = 61*l - 57*l - 208. Calculate the highest common factor of 8 and l.
4
Suppose m + 5*f + 25 = 0, 0 = -10*m + 7*m - 5*f - 25. Suppose 0 = z + 5, 3*z = -3*b - m*b + 21. Calculate the highest common factor of b and 30.
6
Let u be (4/((-24)/14))/((-1)/(-3)). Let c(q) = q**3 + 8*q**2 - 7*q - 7. Let p be c(u). What is the highest common factor of 13 and p?
13
Suppose 4*p - 65 = 111. Calculate the highest common divisor of 11 and p.
11
Let d be (-55)/(3 - 33/6). What is the greatest common divisor of 5 and d?
1
Suppose 9*g = -7*g - 336. Let q(x) = -4*x + 1. Let u be q(g). Suppose -3*o - 15 = -h - 2*o, 0 = 5*h + 5*o - 95. What is the highest common factor of h and u?
17
Let d be (-156)/39 + (0 - -4). Let u be (-3 + 7 - d) + 57/3. Calculate the highest common factor of 161 and u.
23
Let b be 4/5*5/2. Suppose 11*o - 71 + 38 = 0. Calculate the greatest common factor of o and b.
1
Let x = 907 - 511. Calculate the highest common divisor of x and 27.
9
Let o(x) be the first derivative of -x**4/4 + 13*x**3/3 - 6*x**2 + 7. Let v be o(9). What is the highest common factor of v and 27?
27
Suppose m - 2*m = m. Suppose -2*s = -5*c - 43 - 29, c + 2 = m. What is the highest common factor of s and 155?
31
Let v(u) = -4*u. Let m(x) = x. Let d(h) = 7*m(h) + 2*v(h). Let f be d(-11). Let p be (-7 + f)/(2/4). What is the greatest common divisor of p and 64?
8
Let o be 39 - (3/5 - 16/10). What is the greatest common divisor of 25 and o?
5
Suppose -294 = -5*l - 2*g, -40 + 286 = 4*l - 2*g. Calculate the greatest common divisor of l and 210.
30
Let t be -1 + (0 - (-6)/1). Let r(m) = -m**3 - 5*m**2 + 4*m + 17. Let a be r(-5). Let q be (10/(-2))/(a/15). What is the greatest common factor of t and q?
5
Suppose 3 = 3*v, 5*x + v = 3*x + 85. Let p(h) = h**3 + 8*h**2 + 5*h. Let r be p(-7). Calculate the highest common factor of x and r.
14
Let z be (176/(-10))/(-2)*-5. Let u = 70 + z. Calculate the highest common divisor of 286 and u.
26
Suppose 0*i + 14 = 7*i. Suppose -3*y = 4*t - 99, -52 = i*t - 4*t - 2*y. Calculate the highest common factor of t and 189.
21
Let g be (-1 + -1)*(-3 + -1). Let d be 63/2 - 1/(-2). Calculate the greatest common divisor of g and d.
8
Suppose -32*z + 3165 = -25123. Calculate the highest common divisor of 17 and z.
17
Let d(q) = -q**3 + 23*q**2 - 39*q - 37. Let i be d(21). Calculate the highest common factor of 14 and i.
2
Suppose 4*j = 2*p + 4, -4*p - 3*j + 21 = -p. Let a(m) = 3 + 3*m + 10 + 0*m - p*m. Let i be a(7). What is the greatest common factor of i and 9?
3
Let i be 406/35 + 0 + (-2)/(-5). What is the highest common factor of 6 and i?
6
Let a be (-53)/(-4) - (-6)/(-24). Let h = 346 + -333. What is the highest common divisor of a and h?
13
Suppose 15*i + 106 = 13*i. Let j = i - -71. What is the highest common divisor of j and 12?
6
Suppose 0 = 2*f - 4, 5*f + 48 + 50 = 2*z. Let v = -83 - -119. What is the greatest common divisor of v and z?
18
Suppose -o + 7 = 4*z - 5, -3*z + 5*o + 9 = 0. Suppose -2*q + 8 = 4*n, 6*n + z*q - 11 = n. What is the highest common divisor of 3 and n?
1
Suppose 0 = -12*t + 11*t + 5. Let z(j) = -j**2 - 7*j + 2. Let r be z(-8). Let m be (-4)/6*r/4. Calculate the highest common divisor of m and t.
1
Let f be (-1809)/(-36)*(-88)/(-6). Calculate the highest common divisor of 67 and f.
67
Let p = 8 + -6. Suppose -98 = 2*o - p*q + 6*q, 47 = -o - 3*q. Let y = -31 - o. Calculate the highest common factor of 44 and y.
22
Let g = 14 + 30. Suppose -g - 56 = -10*b. Calculate the greatest common divisor of 100 and b.
10
Let o(m) = 30*m + 2. Let s be o(0). What is the greatest common divisor of 278 and s?
2
Let s(p) = -2*p**3 + 23*p**2 - 21*p + 15. Let t be s(10). What is the greatest common divisor of 45 and t?
15
Let f = 442 - 68. What is the greatest common divisor of 22 and f?
22
Let h = -271 + 286. Calculate the greatest common divisor of h and 9.
3
Let v = -1136 - -1214. Calculate the highest common divisor of v and 39.
39
Let p = -26 - -50. Calculate the highest common factor of 84 and p.
12
Suppose 5*k + 616 - 2099 = -2*m, 591 = 2*k + 3*m. Let h = 1 - -26. Calculate the greatest common divisor of h and k.
27
Let n = -255 + 416. Calculate the greatest common factor of n and 92.
23
Let s = -135 - -63. Let g be (-1)/2*(-2 + s). Let y be g/2 + 5/(-10). Calculate the greatest common factor of y and 27.
9
Let f = -1475 + 1580. Calculate the highest common factor of 21 and f.
21
Let o = 214 + 280. Calculate the highest common factor of 130 and o.
26
Suppose -4*q + 3*q = -t - 63, -5*q = -2*t - 111. Let p = t + 133. What is the highest common divisor of p and 26?
13
Suppose 0 = 4*k + 3*s - 5, 2*k + s = -3*s. Suppose 0 = z + 2*x - 13, 3*x = -3*z + 8*x - 27. What is the greatest common factor of k and z?
1
Let k = 369 - -1113. Calculate the highest common factor of 57 and k.
57
Let p(x) be the first derivative of -x**3/3 - 3*x**2 + 5*x - 1. Let c be p(-5). Suppose -90*w = -329 - 121. Calculate the greatest common divisor of c and w.
5
Suppose -3*m + 15*t - 12*t + 369 = 0, 0 = -4*t + 4. Calculate the highest common factor of m and 93.
31
Suppose -4*y + 9*y = -4*k + 60, -k + 5*y + 15 = 0. Let n = -8 + k. Calculate the highest common factor of n and 7.
7
Let j be (11/3)/11*39. What is the greatest common divisor of 2 and j?
1
Let z(l) = l**3 - 13*l**2 + 13*l + 12. Let x be z(12). Let i be 6/(-4) - (-84)/x. Calculate the greatest common divisor of i and 10.
2
Let b(o) = 2*o**3 - 4*o**2 + 10*o + 9. Let m be b(5). Calculate the greatest common factor of 76 and m.
19
Let j = 364 - 304. What is the highest common factor of 250 and j?
10
Let r(m) = m**3 - 4*m**2 + 3*m + 3. Suppose 20 = 2*y + 3*y, -5*x + 3*y + 8 = 0. Let w be r(x). What is the greatest common divisor of 120 and w?
15
Suppose -4*c = -4*x, -5*c + 0*x - x - 6 = 0. Let k(t) = -25*t - 5. Let a be k(c). Suppose v - 8 = -0*v. What is the highest common divisor of v and a?
4
Let x = 692 + -640. What is the greatest common divisor of 273 and x?
13
Let f(v) = -v**2 + 6*v - 4. Let h(l) = -l**2 + l - 1. Let b(d) = f(d) - 5*h(d). Let u be b(-1). What is the highest common factor of 1 and u?
1
Let a(f) = 2*f**3 - 4*f**2. Let v be a(5). Let u(d) = 49*d + 2804. Let q be u(-56). Calculate the greatest common factor of v and q.
30
Suppose 5*z - 4*q - 60 = 0, 0*z - 27 = -2*z + q. Let s be -2 - ((-6)/10 + 72/20). Let o be 2 + -1 + (s - -28). Calculate the greatest common divisor of o and z.
8
Suppose 2*s = -0 + 2. Suppose -5*z - 3 = 4*a, a - s = 3*z - 6*z. Let c be ((-232)/12 - -12)/(-3 - (-35)/15). What is the highest common divisor of z and c?
1
Let q be (54/(-2))/(5/(-5)). Let a = -6 - -15. What is the greatest common factor of q and a?
9
Let c = 222 + -188. Calculate the greatest common factor of 442 and c.
34
Suppose -3*b + 0*b + 9 = 0. Let q be ((-4)/b)/((-8)/12). Suppose -q*a = -4*a + 34. Calculate the highest common divisor of 68 and a.
17
Suppose 10 = m - 3*o, 5*m - 4*o - 14 = 14. Suppose -4*g + g = -r + 19, -g - 109 = -m*r. What is the greatest common factor of 7 and r?
7
Let p be 2*18*(-4)/(-6). Let j be 2/(1/(-22)*-4). Suppose j = 3*d - 7. Calculate the highest common factor of d and p.
6
Let u = -24 - -9. Let v be 118/6 - u/45. Calculate the highest common divisor of v and 220.
20
Let p = -11 + 13. Suppose -q = p*n - 7*n + 18, -4*n + 16 = 0. Suppose 35 + 37 = q*k. What is the greatest common factor of k and 54?
18
Let b be -3*(-3 + 186/(-9)). Suppose 0 = 4*y - 45 - b. Let n = y + -23. What is the highest common divisor of n and 66?
6
Let g = 1073 - 1070. What is the greatest common factor of 5 and g?
1
Let o be (1 - -3)/(-4) + 80. Suppose 5*n + 5*w = 2*n + o, 0 = n + 5*w - 13. Suppose -2*y + 5*y = n. Calculate the greatest common factor of 1 and y.
1
Let j be 6 - 6/(0 - -3). Let a = j + -2. Let w be ((-24)/42)/(20/(-560)). What is the greatest common factor of w and a?
2
Let m(b) = 5*b + 43. Let v be m(-3). Calculate the great